[INFO] fetching crate bitrange_plugin 0.1.2...
[INFO] checking bitrange_plugin-0.1.2 against master#af3c6e733a40e671550e0f0f5aeecaa13772ba56 for pr-74989
[INFO] extracting crate bitrange_plugin 0.1.2 into /workspace/builds/worker-1/source
[INFO] validating manifest of crates.io crate bitrange_plugin 0.1.2 on toolchain af3c6e733a40e671550e0f0f5aeecaa13772ba56
[INFO] running `Command { std: "/workspace/cargo-home/bin/cargo" "+af3c6e733a40e671550e0f0f5aeecaa13772ba56" "read-manifest" "--manifest-path" "Cargo.toml", kill_on_drop: false }`
[INFO] started tweaking crates.io crate bitrange_plugin 0.1.2
[INFO] finished tweaking crates.io crate bitrange_plugin 0.1.2
[INFO] tweaked toml for crates.io crate bitrange_plugin 0.1.2 written to /workspace/builds/worker-1/source/Cargo.toml
[INFO] running `Command { std: "/workspace/cargo-home/bin/cargo" "+af3c6e733a40e671550e0f0f5aeecaa13772ba56" "generate-lockfile" "--manifest-path" "Cargo.toml" "-Zno-index-update", kill_on_drop: false }`
[INFO] running `Command { std: "/workspace/cargo-home/bin/cargo" "+af3c6e733a40e671550e0f0f5aeecaa13772ba56" "fetch" "--locked" "--manifest-path" "Cargo.toml", kill_on_drop: false }`
[INFO] running `Command { std: "docker" "create" "-v" "/var/lib/crater-agent-workspace/builds/worker-1/target:/opt/rustwide/target:rw,Z" "-v" "/var/lib/crater-agent-workspace/builds/worker-1/source:/opt/rustwide/workdir:ro,Z" "-v" "/var/lib/crater-agent-workspace/cargo-home:/opt/rustwide/cargo-home:ro,Z" "-v" "/var/lib/crater-agent-workspace/rustup-home:/opt/rustwide/rustup-home:ro,Z" "-e" "SOURCE_DIR=/opt/rustwide/workdir" "-e" "CARGO_TARGET_DIR=/opt/rustwide/target" "-e" "CARGO_HOME=/opt/rustwide/cargo-home" "-e" "RUSTUP_HOME=/opt/rustwide/rustup-home" "-w" "/opt/rustwide/workdir" "-m" "1610612736" "--user" "0:0" "--network" "none" "rustops/crates-build-env@sha256:d92eaeed33fa75130ca1ee6c8a01d1ffb62bac859dfdfb3450e3e5d1c0146529" "/opt/rustwide/cargo-home/bin/cargo" "+af3c6e733a40e671550e0f0f5aeecaa13772ba56" "metadata" "--no-deps" "--format-version=1", kill_on_drop: false }`
[INFO] [stdout] 43589455a828a810f9c181d00b4a46c7723c49f06f6ad1990309a7be7aa56522
[INFO] [stderr] WARNING: Your kernel does not support swap limit capabilities or the cgroup is not mounted. Memory limited without swap.
[INFO] running `Command { std: "docker" "start" "-a" "43589455a828a810f9c181d00b4a46c7723c49f06f6ad1990309a7be7aa56522", kill_on_drop: false }`
[INFO] running `Command { std: "docker" "inspect" "43589455a828a810f9c181d00b4a46c7723c49f06f6ad1990309a7be7aa56522", kill_on_drop: false }`
[INFO] running `Command { std: "docker" "rm" "-f" "43589455a828a810f9c181d00b4a46c7723c49f06f6ad1990309a7be7aa56522", kill_on_drop: false }`
[INFO] [stdout] 43589455a828a810f9c181d00b4a46c7723c49f06f6ad1990309a7be7aa56522
[INFO] running `Command { std: "docker" "create" "-v" "/var/lib/crater-agent-workspace/builds/worker-1/target:/opt/rustwide/target:rw,Z" "-v" "/var/lib/crater-agent-workspace/builds/worker-1/source:/opt/rustwide/workdir:ro,Z" "-v" "/var/lib/crater-agent-workspace/cargo-home:/opt/rustwide/cargo-home:ro,Z" "-v" "/var/lib/crater-agent-workspace/rustup-home:/opt/rustwide/rustup-home:ro,Z" "-e" "SOURCE_DIR=/opt/rustwide/workdir" "-e" "CARGO_TARGET_DIR=/opt/rustwide/target" "-e" "CARGO_INCREMENTAL=0" "-e" "RUST_BACKTRACE=full" "-e" "RUSTFLAGS=--cap-lints=forbid" "-e" "CARGO_HOME=/opt/rustwide/cargo-home" "-e" "RUSTUP_HOME=/opt/rustwide/rustup-home" "-w" "/opt/rustwide/workdir" "-m" "1610612736" "--user" "0:0" "--network" "none" "rustops/crates-build-env@sha256:d92eaeed33fa75130ca1ee6c8a01d1ffb62bac859dfdfb3450e3e5d1c0146529" "/opt/rustwide/cargo-home/bin/cargo" "+af3c6e733a40e671550e0f0f5aeecaa13772ba56" "check" "--frozen" "--all" "--all-targets" "--message-format=json", kill_on_drop: false }`
[INFO] [stderr] WARNING: Your kernel does not support swap limit capabilities or the cgroup is not mounted. Memory limited without swap.
[INFO] [stdout] 4bee7932e34b5a13e95c92bee32be5cf63e80b98840bae090eb6ed9dc0ab2a45
[INFO] running `Command { std: "docker" "start" "-a" "4bee7932e34b5a13e95c92bee32be5cf63e80b98840bae090eb6ed9dc0ab2a45", kill_on_drop: false }`
[INFO] [stderr]     Checking bitrange_plugin v0.1.2 (/opt/rustwide/workdir)
[INFO] [stdout] error[E0599]: no variant or associated item named `Term` found for enum `proc_macro::TokenTree` in the current scope
[INFO] [stdout]   --> src/pattern.rs:60:37
[INFO] [stdout]    |
[INFO] [stdout] 60 |                     Some(TokenTree::Term(term)) => {
[INFO] [stdout]    |                                     ^^^^ variant or associated item not found in `proc_macro::TokenTree`
[INFO] [stdout] 
[INFO] [stdout] 
[INFO] [stdout] error[E0599]: no variant or associated item named `Op` found for enum `proc_macro::TokenTree` in the current scope
[INFO] [stdout]   --> src/pattern.rs:85:28
[INFO] [stdout]    |
[INFO] [stdout] 85 |     if let Some(TokenTree::Op(op)) = item {
[INFO] [stdout]    |                            ^^ variant or associated item not found in `proc_macro::TokenTree`
[INFO] [stdout] 
[INFO] [stdout] 
[INFO] [stdout] error[E0599]: no variant or associated item named `Term` found for enum `proc_macro::TokenTree` in the current scope
[INFO] [stdout]   --> src/pattern.rs:97:28
[INFO] [stdout]    |
[INFO] [stdout] 97 |     if let Some(TokenTree::Term(term)) = item {
[INFO] [stdout]    |                            ^^^^ variant or associated item not found in `proc_macro::TokenTree`
[INFO] [stdout] 
[INFO] [stdout] 
[INFO] [stdout] error: aborting due to 3 previous errors
[INFO] [stdout] 
[INFO] [stdout] 
[INFO] [stdout] For more information about this error, try `rustc --explain E0599`.
[INFO] [stdout] 
[INFO] [stderr] error: could not compile `bitrange_plugin`.
[INFO] [stderr] 
[INFO] [stderr] To learn more, run the command again with --verbose.
[INFO] [stderr] warning: build failed, waiting for other jobs to finish...
[INFO] [stdout] error[E0599]: no variant or associated item named `Term` found for enum `proc_macro::TokenTree` in the current scope
[INFO] [stdout]   --> src/pattern.rs:60:37
[INFO] [stdout]    |
[INFO] [stdout] 60 |                     Some(TokenTree::Term(term)) => {
[INFO] [stdout]    |                                     ^^^^ variant or associated item not found in `proc_macro::TokenTree`
[INFO] [stdout] 
[INFO] [stdout] 
[INFO] [stdout] error[E0599]: no variant or associated item named `Op` found for enum `proc_macro::TokenTree` in the current scope
[INFO] [stdout]   --> src/pattern.rs:85:28
[INFO] [stdout]    |
[INFO] [stdout] 85 |     if let Some(TokenTree::Op(op)) = item {
[INFO] [stdout]    |                            ^^ variant or associated item not found in `proc_macro::TokenTree`
[INFO] [stdout] 
[INFO] [stdout] 
[INFO] [stdout] error[E0599]: no variant or associated item named `Term` found for enum `proc_macro::TokenTree` in the current scope
[INFO] [stdout]   --> src/pattern.rs:97:28
[INFO] [stdout]    |
[INFO] [stdout] 97 |     if let Some(TokenTree::Term(term)) = item {
[INFO] [stdout]    |                            ^^^^ variant or associated item not found in `proc_macro::TokenTree`
[INFO] [stdout] 
[INFO] [stdout] 
[INFO] [stdout] error: aborting due to 3 previous errors
[INFO] [stdout] 
[INFO] [stdout] 
[INFO] [stdout] For more information about this error, try `rustc --explain E0599`.
[INFO] [stdout] 
[INFO] [stderr] error: build failed
[INFO] running `Command { std: "docker" "inspect" "4bee7932e34b5a13e95c92bee32be5cf63e80b98840bae090eb6ed9dc0ab2a45", kill_on_drop: false }`
[INFO] running `Command { std: "docker" "rm" "-f" "4bee7932e34b5a13e95c92bee32be5cf63e80b98840bae090eb6ed9dc0ab2a45", kill_on_drop: false }`
[INFO] [stdout] 4bee7932e34b5a13e95c92bee32be5cf63e80b98840bae090eb6ed9dc0ab2a45
